pose -33 = -3*a + 3*x, 3*x + 2*x - 17 = -4*a. List the prime factors of a.
2
Suppose 4*k = 4*c - 120, 4*c - 85 = 3*k + 38. List the prime factors of c.
3, 11
Suppose 0 + 6 = 3*d - u, -2*d + 4 = -3*u. List the prime factors of d.
2
Let s = 33 + -31. List the prime factors of s.
2
Let t(c) = -7 - 10*c + 6 + 1. Let p be t(1). Let b = p + 14. List the prime factors of b.
2
Let w(l) = 68*l + 4. List the prime factors of w(2).
2, 5, 7
Suppose -2*w - 45 = -3*m, 4*m - 92 = 3*w + w. What are the prime factors of w*((-9)/(-6))/(-3)?
2, 3
Let w = 65 - 37. What are the prime factors of w?
2, 7
List the prime factors of (-418)/(-6) - (-2)/(-3).
3, 23
Let l(f) = f**3 - f**2 + 4*f - 4. Let c be l(3). Let n = 41 - c. List the prime factors of n.
3, 5
Let f(k) = 2*k**3 - 2*k + 3. Let v = -9 - -11. What are the prime factors of f(v)?
3, 5
Let u = 8 - -6. Let f be 2/(-1)*(-119)/u. Suppose 0 = 3*g - 2*b - 2, 0 = 2*g - 5*b + f - 0. List the prime factors of g.
2
Let g(q) = -q**3 - 13*q**2 - q + 9. List the prime factors of g(-13).
2, 11
Suppose -3*g = -g - u - 549, 0 = 4*g + u - 1083. List the prime factors of g.
2, 17
Let l = -5 + 10. List the prime factors of l.
5
Let c(l) = l**2 + 2*l + 2. Let i be c(0). Suppose -i*x + 21 = -29. What are the prime factors of x?
5
Suppose y - 6 = -2*x - 1, 5*x = 3*y - 37. Suppose 0 = 3*l - 0*l - y. List the prime factors of l.
3
Suppose 3*c - 58 = 2*c. List the prime factors of c.
2, 29
Suppose -2*q + 7 = -0*p + 3*p, -2*q + 2*p + 22 = 0. List the prime factors of q.
2
Let l(c) = -c**3 + 8*c**2 + 10*c - 4. Let s be l(9). Let z = s + 0. Suppose -26 = -z*r + 34. List the prime factors of r.
2, 3
Let t = -25 - -58. Suppose 0*x + 2*x = 10, 2*f - x = t. What are the prime factors of f?
19
Let j(f) = -f**2 + 8*f - 2. Let g be j(4). Let z = 21 - g. Suppose 2*y = 3*y - z. List the prime factors of y.
7
Suppose 0*u + 5*u = 5*h, -h + 2*u + 1 = 0. Let f = 3 - h. What are the prime factors of f?
2
Let i = -3 + 5. Suppose 5*j - 2*q - 23 - 28 = 0, i*q = 3*j - 33. Suppose 2*a - 3*a = -j. What are the prime factors of a?
3
Let u(c) = c**3 - 6*c**2 + 8*c - 6. Let y = -9 + 14. List the prime factors of u(y).
3
Suppose 1 = -2*y + 13. Let j be 527/(-68) + 2/(-8). List the prime factors of j/y*-1*9.
2, 3
Suppose 5*g = -5*d, -5*d = -3*g + 7*g - 2. Suppose -3*l - f + 8 = -0*l, -2*l - d*f = -8. Suppose l*i - 3 = 11. What are the prime factors of i?
7
List the prime factors of (-3 + 11)/((-4)/(-10)).
2, 5
Suppose -5*l - f = -0*f + 55, -2*f - 50 = 5*l. Suppose 5*o = -0*o + 2*t - 24, 0 = -2*o + 4*t. List the prime factors of (-112)/l + (-4)/o.
2, 5
Suppose 0 = -6*q + 10*q - 320. List the prime factors of q.
2, 5
Suppose 3*m = 4*r - 6, 0*m - 2*m = -r + 9. Let h = 1 + m. Let l(o) = -o**3 - 5*o**2 - o - 1. What are the prime factors of l(h)?
2
Let d(y) = -7*y + 89. Let q(l) = -3*l + 44. Let o(i) = -2*d(i) + 5*q(i). What are the prime factors of o(0)?
2, 3, 7
Suppose 3 = 4*i - 13. Suppose 9*s = i*s + 205. What are the prime factors of s?
41
Let o = -212 + 306. What are the prime factors of o?
2, 47
Let t = -30 + 56. What are the prime factors of t?
2, 13
Suppose -4*u - 4*p = -9*p - 518, 5*u = 4*p + 652. Let h be (-1)/(3/u*-2). Suppose 0*b = -2*b + h. List the prime factors of b.
11
Suppose 0 = 5*r + t - 88, 3*r - t = t + 58. What are the prime factors of r?
2, 3
Suppose -m + 5*p + 15 = 0, 4*p = 3*p - 2. Let d = -1 + m. Let z = 14 - d. List the prime factors of z.
2, 5
Let i = 40 - 24. What are the prime factors of (2 + i)*(5 - 4)?
2, 3
Suppose -2*a = -2*b - 92, 2*b - 230 = -3*a - 2*a. List the prime factors of a.
2, 23
Let g(x) be the first derivative of x**3/3 - 5*x**2/2 - 6*x - 1. Suppose 13 = 3*h - 4*d, 0*h - 4*h + 4*d + 20 = 0. List the prime factors of g(h).
2
Let a be (-2814)/(-105) + (-1)/(-5). Let v = a - -9. List the prime factors of v.
2, 3
Suppose 26*i = 21*i + 1045. List the prime factors of i.
11, 19
Suppose 3*a + 3*g = 0, a - 1 = -3*g + 5. Let r = 4 - a. What are the prime factors of r?
7
Let c(s) = -s**3 - s**2 + s + 42. List the prime factors of c(0).
2, 3, 7
Suppose -3*x - 29 - 1 = 0. Let r = -35 + 63. Let t = x + r. What are the prime factors of t?
2, 3
List the prime factors of 0/(-1) - (-1 + 1092/(-3)).
5, 73
Let q = 13 - 10. Suppose 5*p = -4*i + 135, 2*p + q*i = -0*p + 47. Suppose -5*v - 5 = 2*f, -6*f + f + p = -2*v. What are the prime factors of f?
5
Let a = -1 + 56. Suppose -5*h + 15 = -a. Suppose 3*k - 5*k + h = 0. List the prime factors of k.
7
Suppose d + c = 144 + 62, -1024 = -5*d - 2*c. List the prime factors of d.
2, 3, 17
Suppose 0*j = -3*m - 5*j - 14, 5*m + 19 = -4*j. Let g = m + 16. What are the prime factors of g?
13
Suppose 5*b - 6*d + 10 = -d, 4*d - 9 = 3*b. Let o(v) = v**2 - 3*v + 4. Let q be o(3). Let h = q - b. List the prime factors of h.
3
Let x(q) = -q**3 + 9*q**2 + 12*q - 9. Let g(w) = 2*w**2 + 5*w - 2. Suppose -3*h = -0*h + 12. Let p be g(h). What are the prime factors of x(p)?
11
List the prime factors of 122/(1*(3 - 1)).
61
Let x = -5 - -9. Suppose 0 = -2*u - 0 - x. Let i = 4 + u. What are the prime factors of i?
2
Let u(j) = j**2 - 3*j + 21. List the prime factors of u(5).
31
Suppose 6 = -3*u, 6*s + 4*u = 11*s - 298. What are the prime factors of s?
2, 29
Let k(z) = -z**2 + 9*z - 7. Suppose 1 + 19 = 5*u. Suppose u*v - 12 = 2*v. What are the prime factors of k(v)?
11
Suppose x = -7 + 2. Let p(c) be the third derivative of -c**6/120 - c**5/12 - c**4/12 - c**3/6 + c**2. What are the prime factors of p(x)?
3
Let m(r) = 4*r**2 - r - 2. Suppose -3*c - 10 = -4*n, -c = -0*n - n + 2. What are the prime factors of m(c)?
2, 3
Let x = 178 + -72. List the prime factors of x.
2, 53
Let x be 11 + 1 + -1 + -3. What are the prime factors of (-2)/x - 705/(-20)?
5, 7
Suppose -2*b - b + 69 = 0. Suppose 2*g = 3*u - 8, -b + 5 = g - 5*u. List the prime factors of g.
2
Let i(b) = b**2 - b. Let h be i(-1). Suppose 0 = h*j + 3*j - 100. List the prime factors of j.
2, 5
Let f(h) = -h**2 + 2*h. Let a be f(4). Let r = a - -13. List the prime factors of r.
5
Let d(x) = -7*x - 8. Let a(f) be the second derivative of f**4/12 - f**2/2 + f. Let n(r) = -a(r) + d(r). What are the prime factors of n(-5)?
3
Let c(g) = -2*g**3 + 3*g**2 + 7. List the prime factors of c(-3).
2, 11
Let k(y) be the second derivative of y**4/12 - y**3/2 + 3*y**2 - y. Let d be k(4). Suppose -3*s + 41 = -d. List the prime factors of s.
17
Let n be 0 - 1 - (2 - 3). Suppose n*b = 3*b - 45. What are the prime factors of b?
3, 5
Let j(n) = -3*n**2 + 6*n - 7. Let b be j(4). Let y = -8 - b. What are the prime factors of y?
23
Let y(q) = -9*q - 9. List the prime factors of y(-16).
3, 5
Let z(c) = -104*c + 31. What are the prime factors of z(-3)?
7
Let g be (-2 - (1 - 2))*0. Suppose -4*d + 3*d + 11 = g. What are the prime factors of d?
11
Let a(g) = -g**2 - 9*g - 3. Let t be a(-8). Let s = t + 0. List the prime factors of s.
5
Let s = 0 + -8. Let h = s + 25. What are the prime factors of h?
17
Suppose 2*n - 3*s - 48 = -n, 2*s + 13 = n. List the prime factors of n.
19
List the prime factors of (-9 + (0 - 2))*-1 - -4.
3, 5
Let p = 13 + -2. Let h = p - 11. Suppose h*l - 12 = -3*l. What are the prime factors of l?
2
Let p be (0 + 4/(-10))*-30. Suppose 7*s = 4*s + p. Suppose 2*g - 2*n + 0*n - 16 = 0, s*g - 32 = -3*n. What are the prime factors of g?
2
Let h(z) = -4*z**2 - 3*z - 3. Let r be h(-2). Let m = -3 - r. Let a = m - 4. List the prime factors of a.
2, 3
Let i(x) = x**2 - 3*x - 2. What are the prime factors of i(4)?
2
What are the prime factors of 24/(-7)*42/(-6)?
2, 3
Let d(i) = i**3 + 9*i**2 - 4*i - 5. Let o be d(-9). What are the prime factors of (o/2)/(4/8)?
31
Let h be -2 - -2*3/3. Let p(y) = y + 5. What are the prime factors of p(h)?
5
List the prime factors of (45/(-6))/(3/(-6)).
3, 5
Suppose 6*y = y. Suppose y = 4*u - 56 - 44. Suppose 4*a + a = u. List the prime factors of a.
5
Let r be (((-12)/2)/2)/(-1). Suppose r*g + 2*g = 40. List the prime factors of g.
2
What are the prime factors of 8 + -8 - (-27)/1?
3
Let z be (-6)/(-8) + 54/(-8). Let w = 7 + z. Let c(l) = 21*l**2. List the prime factors of c(w).
3, 7
Suppose 3*t = 3*f - t + 12, 5*f - 4*t + 12 = 0. Suppose 5*h + 18 = b, -2*h - 9 = -b - f*b. Suppose b*s - 2 = 25. What are the prime factors of s?
3
Suppose -t - l +